test common divisor of 49984 and 1174976.
704
What is the highest common factor of 179638060 and 84?
28
What is the highest common divisor of 96840 and 89410?
10
Calculate the greatest common factor of 32269 and 243.
1
Calculate the greatest common divisor of 1042356 and 7266.
42
What is the highest common factor of 182001 and 5002966?
589
What is the highest common divisor of 229462551 and 189?
27
What is the highest common divisor of 12680 and 8280?
40
Calculate the greatest common factor of 10328642 and 366.
122
Calculate the highest common factor of 952 and 129505320.
952
What is the greatest common factor of 14 and 39403217?
7
What is the greatest common divisor of 715232 and 47380?
412
What is the highest common divisor of 239482778 and 643?
643
What is the greatest common factor of 564 and 479335704?
564
Calculate the highest common factor of 45322268 and 244.
244
What is the highest common factor of 35730 and 231110?
10
Calculate the greatest common factor of 136401 and 24567.
57
Calculate the greatest common divisor of 19270037 and 20652.
1721
What is the greatest common divisor of 5700 and 60876570?
570
What is the greatest common factor of 40848259 and 41?
41
What is the greatest common factor of 614402652 and 84?
12
What is the greatest common factor of 59245 and 51970?
5
What is the greatest common divisor of 13 and 140525879?
13
Calculate the greatest common factor of 159 and 15046806.
159
Calculate the highest common factor of 9312703 and 223.
223
Calculate the greatest common divisor of 32054 and 85955188.
682
What is the highest common divisor of 304019 and 1577?
19
Calculate the greatest common divisor of 14113421 and 98.
49
Calculate the greatest common factor of 1293725954 and 167.
167
Calculate the highest common divisor of 1168 and 3962512.
16
What is the highest common factor of 1991231536 and 56?
56
What is the highest common factor of 2923440 and 8580?
780
What is the greatest common factor of 26934 and 1534851946?
8978
Calculate the greatest common factor of 4576 and 187031.
13
Calculate the greatest common divisor of 48 and 9156531.
3
What is the greatest common divisor of 57532 and 37924?
76
What is the highest common divisor of 768317 and 1584?
11
What is the highest common divisor of 6344426 and 4147?
11
What is the greatest common factor of 3731732 and 16?
4
What is the greatest common divisor of 10842784 and 16992?
1888
Calculate the greatest common divisor of 3993482 and 155062.
2542
What is the greatest common factor of 189072 and 189488?
208
Calculate the highest common factor of 2009 and 3375407.
287
Calculate the greatest common divisor of 1728 and 8774208.
576
Calculate the highest common divisor of 1373945 and 35425.
545
What is the greatest common divisor of 105 and 3849545?
35
Calculate the highest common factor of 884 and 1580371.
221
Calculate the highest common factor of 89884035 and 651.
93
What is the highest common divisor of 639897 and 27?
3
Calculate the highest common divisor of 7598888 and 1408.
88
What is the highest common divisor of 46632867 and 82?
41
Calculate the greatest common divisor of 63 and 141715161.
63
Calculate the highest common factor of 17008065 and 2610.
1305
What is the greatest common divisor of 38983 and 77091?
7
Calculate the highest common factor of 1000555790 and 52.
26
What is the highest common factor of 21 and 85428336?
21
What is the greatest common factor of 110 and 842666?
22
What is the greatest common divisor of 11753821 and 415139?
3169
What is the greatest common divisor of 206581 and 6743?
613
What is the greatest common divisor of 87502499 and 7?
7
Calculate the highest common factor of 237 and 594059223.
237
Calculate the greatest common divisor of 2844493 and 828008.
3569
What is the greatest common divisor of 99 and 11322069?
33
Calculate the highest common divisor of 154644459 and 3057.
3057
What is the highest common factor of 13270 and 4740290?
10
What is the greatest common factor of 4058620 and 145?
5
What is the highest common factor of 55285 and 96?
1
What is the greatest common factor of 1467695 and 10540?
2635
Calculate the highest common factor of 3796 and 1352836.
292
Calculate the greatest common factor of 6018246 and 29052.
54
What is the greatest common factor of 835668 and 252?
36
Calculate the highest common factor of 5808 and 22530684.
1452
Calculate the highest common divisor of 10821736 and 158.
158
What is the greatest common divisor of 2719326 and 1551?
141
What is the highest common divisor of 327888 and 7878222?
1782
What is the greatest common factor of 66600 and 1080?
360
Calculate the greatest common divisor of 484 and 12886148.
44
Calculate the greatest common factor of 2009 and 101913700.
287
What is the greatest common divisor of 319087 and 580?
29
Calculate the greatest common divisor of 176 and 14795920.
16
What is the greatest common factor of 9295 and 16224065?
715
Calculate the highest common divisor of 31616 and 2239264.
608
What is the greatest common factor of 685388 and 85042?
842
What is the highest common factor of 402819875 and 1483?
1483
What is the highest common factor of 39 and 14568541?
13
Calculate the greatest common divisor of 7750 and 1411175.
25
Calculate the greatest common divisor of 144913 and 120270.
19
Calculate the greatest common factor of 1247 and 98329691.
1247
What is the greatest common divisor of 58166 and 779018?
254
Calculate the greatest common divisor of 197435 and 245.
35
Calculate the greatest common factor of 180528 and 3482686.
7522
Calculate the greatest common divisor of 59045653 and 116.
29
What is the greatest common divisor of 506 and 2552941028?
506
Calculate the greatest common divisor of 87950895 and 1065.
1065
What is the greatest common factor of 6 and 751384?
2
Calculate the greatest common factor of 76844100 and 2400.
300
Calculate the greatest common divisor of 2065620 and 720.
60
Calculate the greatest common factor of 16 and 26209808.
16
Calculate the greatest common divisor of 1420 and 4298.
2
Calculate the highest common factor of 8808 and 34136505.
1101
Calculate the highest common factor of 30295 and 3578095.
365
Calculate the greatest common factor of 14009331 and 117957.
861
What is the greatest common divisor of 353 and 25324573?
353
What is the highest common divisor of 3482526 and 1072?
134
Calculate the highest common divisor of 991872 and 6601.
287
Calculate the highest common factor of 20236079 and 183.
61
Calculate the highest common factor of 4111629 and 914.
457
What is the highest common factor of 33373861 and 532?
19
Calculate the highest common divisor of 54 and 3011553.
27
What is the highest common divisor of 1064 and 13689500?
76
Calculate the greatest common factor of 4112 and 246712.
8
Calculate the highest common factor of 10530190 and 30.
10
What is the greatest common factor of 2580 and 319890?
30
Calculate the greatest common divisor of 5691965 and 5.
5
Calculate the highest common divisor of 11243866 and 1829.
59
Calculate the greatest common divisor of 1292 and 422042.
34
Calculate the greatest common factor of 503042 and 74302.
194
What is the highest common factor of 491850 and 80325?
225
Calculate the highest common factor of 90 and 9666603.
9
What is the highest common divisor of 52824 and 552948?
852
Calculate the highest common divisor of 2184 and 1013814984.
2184
Calculate the greatest common divisor of 4918 and 17033493.
2459
Calculate the greatest common divisor of 304 and 720792664.
152
Calculate the greatest common divisor of 140 and 65253475.
35
Calculate the highest common divisor of 44 and 41524604.
44
What is the highest common divisor of 43 and 381262897?
43
Calculate the highest common factor of 23548023 and 27.
27
What is the greatest common factor of 486 and 1779966?
18
Calculate the greatest common divisor of 81470332 and 14.
2
What is the greatest common divisor of 11107776 and 16?
16
Calculate the highest common factor of 324 and 54390852.
324
What is the highest common divisor of 795984 and 874?
46
What is the highest common divisor of 22669 and 9211?
1
Calculate the highest common divisor of 1000681 and 22.
11
Calculate the highest common divisor of 55375 and 431275.
25
What is the highest common factor of 805583